{"id":532,"date":"2019-11-29T14:41:51","date_gmt":"2019-11-29T13:41:51","guid":{"rendered":"http:\/\/optykalaserowa.pl\/?page_id=532"},"modified":"2020-07-09T12:30:45","modified_gmt":"2020-07-09T10:30:45","slug":"szkla-ochronne","status":"publish","type":"page","link":"https:\/\/optykalaserowa.pl\/index.php\/szkla-ochronne\/","title":{"rendered":"Szk\u0142a Ochronne"},"content":{"rendered":"\t\t<div data-elementor-type=\"wp-page\" data-elementor-id=\"532\" class=\"elementor elementor-532\" data-elementor-settings=\"[]\">\n\t\t\t\t\t\t<div class=\"elementor-inner\">\n\t\t\t\t\t\t\t<div class=\"elementor-section-wrap\">\n\t\t\t\t\t\t\t<section class=\"elementor-section elementor-top-section elementor-element elementor-element-1278c36 elementor-section-stretched elementor-section-height-full elementor-section-content-middle elementor-section-boxed elementor-section-height-default elementor-section-items-middle\" data-id=\"1278c36\" data-element_type=\"section\" data-settings=\"{&quot;stretch_section&quot;:&quot;section-stretched&quot;}\">\n\t\t\t\t\t\t<div class=\"elementor-container elementor-column-gap-extended\">\n\t\t\t\t\t\t\t<div class=\"elementor-row\">\n\t\t\t\t\t<div class=\"elementor-column elementor-col-100 elementor-top-column elementor-element elementor-element-00f6b12\" data-id=\"00f6b12\" data-element_type=\"column\">\n\t\t\t<div class=\"elementor-column-wrap elementor-element-populated\">\n\t\t\t\t\t\t\t<div class=\"elementor-widget-wrap\">\n\t\t\t\t\t\t<section class=\"elementor-section elementor-inner-section elementor-element elementor-element-87a34f2 elementor-section-boxed elementor-section-height-default elementor-section-height-default\" data-id=\"87a34f2\" data-element_type=\"section\">\n\t\t\t\t\t\t<div class=\"elementor-container elementor-column-gap-default\">\n\t\t\t\t\t\t\t<div class=\"elementor-row\">\n\t\t\t\t\t<div class=\"elementor-column elementor-col-50 elementor-inner-column elementor-element elementor-element-e7946ac\" data-id=\"e7946ac\" data-element_type=\"column\">\n\t\t\t<div class=\"elementor-column-wrap elementor-element-populated\">\n\t\t\t\t\t\t\t<div class=\"elementor-widget-wrap\">\n\t\t\t\t\t\t<div class=\"elementor-element elementor-element-e004811 elementor-invisible elementor-widget elementor-widget-text-editor\" data-id=\"e004811\" data-element_type=\"widget\" data-settings=\"{&quot;_animation&quot;:&quot;zoomIn&quot;}\" data-widget_type=\"text-editor.default\">\n\t\t\t\t<div class=\"elementor-widget-container\">\n\t\t\t\t\t\t\t\t<div class=\"elementor-text-editor elementor-clearfix\">\n\t\t\t\t<p>\u00a0<\/p><p>\u00a0<\/p><p class=\"MsoNormal\"><b>Szk\u0142a ochronne<\/b><\/p><p class=\"MsoNormal\" style=\"text-indent: 35.4pt;\">Dostarczamy szk\u0142a ochronne do wszystkich typ\u00f3w system\u00f3w laserowych opartych na laserach \u015bwiat\u0142owodowych, dyskowych i diodowych. Oferowane produkty wykonane s\u0105 z wysokiej czysto\u015bci kwarcu. W zale\u017cno\u015bci od zastosowanego \u017ar\u00f3d\u0142a laserowego, ka\u017cde szk\u0142o ochronne powlekane jest z dw\u00f3ch stron specjalnie dobran\u0105 warstw\u0105 antyrefleksyjn\u0105, kt\u00f3ra minimalizuje straty zwi\u0105zane z przej\u015bciem wi\u0105zki miedzy dwoma o\u015brodkami (powietrze -szk\u0142o). W efekcie transmisyjno\u015b\u0107 szk\u0142a ochronnego wynosi &gt;99,7%.<\/p><p class=\"MsoNormal\" style=\"text-indent: 35.4pt;\">Wi\u0119kszo\u015b\u0107 dotychczas dostarczanych przez nas szkie\u0142 ochronnych znajduje si\u0119 w naszym magazynie i jest dost\u0119pna natychmiast. S\u0105 to szk\u0142a:<\/p><table class=\"MsoTableGrid\" style=\"border-collapse: collapse; border: none; mso-border-alt: solid windowtext .5pt; mso-yfti-tbllook: 1184; mso-padding-alt: 0cm 5.4pt 0cm 5.4pt;\" border=\"1\" cellspacing=\"0\" cellpadding=\"0\"><tbody><tr><td style=\"width: 77.75pt; border: solid windowtext 1.0pt; mso-border-alt: solid windowtext .5pt; padding: 0cm 5.4pt 0cm 5.4pt;\" valign=\"top\" width=\"104\"><p class=\"MsoNormal\" style=\"margin-bottom: .0001pt; line-height: normal;\">d\u0142ugo\u015b\u0107 fali<\/p><\/td><td style=\"width: 106.3pt; border: solid windowtext 1.0pt; border-left: none; mso-border-left-alt: solid windowtext .5pt; mso-border-alt: solid windowtext .5pt; padding: 0cm 5.4pt 0cm 5.4pt;\" valign=\"top\" width=\"142\"><p class=\"MsoNormal\" style=\"margin-bottom: .0001pt; line-height: normal;\">\u015brednica<\/p><\/td><td style=\"width: 3.0cm; border: solid windowtext 1.0pt; border-left: none; mso-border-left-alt: solid windowtext .5pt; mso-border-alt: solid windowtext .5pt; padding: 0cm 5.4pt 0cm 5.4pt;\" valign=\"top\" width=\"113\"><p class=\"MsoNormal\" style=\"margin-bottom: .0001pt; line-height: normal;\">grubo\u015b\u0107<\/p><\/td><\/tr><tr><td style=\"width: 77.75pt; border: solid windowtext 1.0pt; border-top: none; mso-border-top-alt: solid windowtext .5pt; mso-border-alt: solid windowtext .5pt; padding: 0cm 5.4pt 0cm 5.4pt;\" valign=\"top\" width=\"104\"><p class=\"MsoNormal\" style=\"margin-bottom: .0001pt; line-height: normal;\">1060-1080nm<\/p><\/td><td style=\"width: 106.3pt; border-top: none; border-left: none; border-bottom: solid windowtext 1.0pt; border-right: solid windowtext 1.0pt; mso-border-top-alt: solid windowtext .5pt; mso-border-left-alt: solid windowtext .5pt; mso-border-alt: solid windowtext .5pt; padding: 0cm 5.4pt 0cm 5.4pt;\" valign=\"top\" width=\"142\"><p class=\"MsoNormal\" style=\"margin-bottom: .0001pt; line-height: normal;\">22,35<\/p><\/td><td style=\"width: 3.0cm; border-top: none; border-left: none; border-bottom: solid windowtext 1.0pt; border-right: solid windowtext 1.0pt; mso-border-top-alt: solid windowtext .5pt; mso-border-left-alt: solid windowtext .5pt; mso-border-alt: solid windowtext .5pt; padding: 0cm 5.4pt 0cm 5.4pt;\" valign=\"top\" width=\"113\"><p class=\"MsoNormal\" style=\"margin-bottom: .0001pt; line-height: normal;\">4<\/p><\/td><\/tr><tr><td style=\"width: 77.75pt; border: solid windowtext 1.0pt; border-top: none; mso-border-top-alt: solid windowtext .5pt; mso-border-alt: solid windowtext .5pt; padding: 0cm 5.4pt 0cm 5.4pt;\" valign=\"top\" width=\"104\"><p class=\"MsoNormal\" style=\"margin-bottom: .0001pt; line-height: normal;\">1060-1080nm<\/p><\/td><td style=\"width: 106.3pt; border-top: none; border-left: none; border-bottom: solid windowtext 1.0pt; border-right: solid windowtext 1.0pt; mso-border-top-alt: solid windowtext .5pt; mso-border-left-alt: solid windowtext .5pt; mso-border-alt: solid windowtext .5pt; padding: 0cm 5.4pt 0cm 5.4pt;\" valign=\"top\" width=\"142\"><p class=\"MsoNormal\" style=\"margin-bottom: .0001pt; line-height: normal;\">30<\/p><\/td><td style=\"width: 3.0cm; border-top: none; border-left: none; border-bottom: solid windowtext 1.0pt; border-right: solid windowtext 1.0pt; mso-border-top-alt: solid windowtext .5pt; mso-border-left-alt: solid windowtext .5pt; mso-border-alt: solid windowtext .5pt; padding: 0cm 5.4pt 0cm 5.4pt;\" valign=\"top\" width=\"113\"><p class=\"MsoNormal\" style=\"margin-bottom: .0001pt; line-height: normal;\">1,5<\/p><\/td><\/tr><tr><td style=\"width: 77.75pt; border: solid windowtext 1.0pt; border-top: none; mso-border-top-alt: solid windowtext .5pt; mso-border-alt: solid windowtext .5pt; padding: 0cm 5.4pt 0cm 5.4pt;\" valign=\"top\" width=\"104\"><p class=\"MsoNormal\" style=\"margin-bottom: .0001pt; line-height: normal;\">1060-1080nm<\/p><\/td><td style=\"width: 106.3pt; border-top: none; border-left: none; border-bottom: solid windowtext 1.0pt; border-right: solid windowtext 1.0pt; mso-border-top-alt: solid windowtext .5pt; mso-border-left-alt: solid windowtext .5pt; mso-border-alt: solid windowtext .5pt; padding: 0cm 5.4pt 0cm 5.4pt;\" valign=\"top\" width=\"142\"><p class=\"MsoNormal\" style=\"margin-bottom: .0001pt; line-height: normal;\">36<\/p><\/td><td style=\"width: 3.0cm; border-top: none; border-left: none; border-bottom: solid windowtext 1.0pt; border-right: solid windowtext 1.0pt; mso-border-top-alt: solid windowtext .5pt; mso-border-left-alt: solid windowtext .5pt; mso-border-alt: solid windowtext .5pt; padding: 0cm 5.4pt 0cm 5.4pt;\" valign=\"top\" width=\"113\"><p class=\"MsoNormal\" style=\"margin-bottom: .0001pt; line-height: normal;\">5<\/p><\/td><\/tr><tr><td style=\"width: 77.75pt; border: solid windowtext 1.0pt; border-top: none; mso-border-top-alt: solid windowtext .5pt; mso-border-alt: solid windowtext .5pt; padding: 0cm 5.4pt 0cm 5.4pt;\" valign=\"top\" width=\"104\"><p class=\"MsoNormal\" style=\"margin-bottom: .0001pt; line-height: normal;\">1060-1080nm<\/p><\/td><td style=\"width: 106.3pt; border-top: none; border-left: none; border-bottom: solid windowtext 1.0pt; border-right: solid windowtext 1.0pt; mso-border-top-alt: solid windowtext .5pt; mso-border-left-alt: solid windowtext .5pt; mso-border-alt: solid windowtext .5pt; padding: 0cm 5.4pt 0cm 5.4pt;\" valign=\"top\" width=\"142\"><p class=\"MsoNormal\" style=\"margin-bottom: .0001pt; line-height: normal;\">32<\/p><\/td><td style=\"width: 3.0cm; border-top: none; border-left: none; border-bottom: solid windowtext 1.0pt; border-right: solid windowtext 1.0pt; mso-border-top-alt: solid windowtext .5pt; mso-border-left-alt: solid windowtext .5pt; mso-border-alt: solid windowtext .5pt; padding: 0cm 5.4pt 0cm 5.4pt;\" valign=\"top\" width=\"113\"><p class=\"MsoNormal\" style=\"margin-bottom: .0001pt; line-height: normal;\">6,5<\/p><\/td><\/tr><tr><td style=\"width: 77.75pt; border: solid windowtext 1.0pt; border-top: none; mso-border-top-alt: solid windowtext .5pt; mso-border-alt: solid windowtext .5pt; padding: 0cm 5.4pt 0cm 5.4pt;\" valign=\"top\" width=\"104\"><p class=\"MsoNormal\" style=\"margin-bottom: .0001pt; line-height: normal;\">1060-1080nm<\/p><\/td><td style=\"width: 106.3pt; border-top: none; border-left: none; border-bottom: solid windowtext 1.0pt; border-right: solid windowtext 1.0pt; mso-border-top-alt: solid windowtext .5pt; mso-border-left-alt: solid windowtext .5pt; mso-border-alt: solid windowtext .5pt; padding: 0cm 5.4pt 0cm 5.4pt;\" valign=\"top\" width=\"142\"><p class=\"MsoNormal\" style=\"margin-bottom: .0001pt; line-height: normal;\">37<\/p><\/td><td style=\"width: 3.0cm; border-top: none; border-left: none; border-bottom: solid windowtext 1.0pt; border-right: solid windowtext 1.0pt; mso-border-top-alt: solid windowtext .5pt; mso-border-left-alt: solid windowtext .5pt; mso-border-alt: solid windowtext .5pt; padding: 0cm 5.4pt 0cm 5.4pt;\" valign=\"top\" width=\"113\"><p class=\"MsoNormal\" style=\"margin-bottom: .0001pt; line-height: normal;\">7<\/p><\/td><\/tr><tr><td style=\"width: 77.75pt; border: solid windowtext 1.0pt; border-top: none; mso-border-top-alt: solid windowtext .5pt; mso-border-alt: solid windowtext .5pt; padding: 0cm 5.4pt 0cm 5.4pt;\" valign=\"top\" width=\"104\"><p class=\"MsoNormal\" style=\"margin-bottom: .0001pt; line-height: normal;\">1060-1080nm<\/p><\/td><td style=\"width: 106.3pt; border-top: none; border-left: none; border-bottom: solid windowtext 1.0pt; border-right: solid windowtext 1.0pt; mso-border-top-alt: solid windowtext .5pt; mso-border-left-alt: solid windowtext .5pt; mso-border-alt: solid windowtext .5pt; padding: 0cm 5.4pt 0cm 5.4pt;\" valign=\"top\" width=\"142\"><p class=\"MsoNormal\" style=\"margin-bottom: .0001pt; line-height: normal;\">38<\/p><\/td><td style=\"width: 3.0cm; border-top: none; border-left: none; border-bottom: solid windowtext 1.0pt; border-right: solid windowtext 1.0pt; mso-border-top-alt: solid windowtext .5pt; mso-border-left-alt: solid windowtext .5pt; mso-border-alt: solid windowtext .5pt; padding: 0cm 5.4pt 0cm 5.4pt;\" valign=\"top\" width=\"113\"><p class=\"MsoNormal\" style=\"margin-bottom: .0001pt; line-height: normal;\">1,5<\/p><\/td><\/tr><tr><td style=\"width: 77.75pt; border: solid windowtext 1.0pt; border-top: none; mso-border-top-alt: solid windowtext .5pt; mso-border-alt: solid windowtext .5pt; padding: 0cm 5.4pt 0cm 5.4pt;\" valign=\"top\" width=\"104\"><p class=\"MsoNormal\" style=\"margin-bottom: .0001pt; line-height: normal;\">1060-1080nm<\/p><\/td><td style=\"width: 106.3pt; border-top: none; border-left: none; border-bottom: solid windowtext 1.0pt; border-right: solid windowtext 1.0pt; mso-border-top-alt: solid windowtext .5pt; mso-border-left-alt: solid windowtext .5pt; mso-border-alt: solid windowtext .5pt; padding: 0cm 5.4pt 0cm 5.4pt;\" valign=\"top\" width=\"142\"><p class=\"MsoNormal\" style=\"margin-bottom: .0001pt; line-height: normal;\">38<\/p><\/td><td style=\"width: 3.0cm; border-top: none; border-left: none; border-bottom: solid windowtext 1.0pt; border-right: solid windowtext 1.0pt; mso-border-top-alt: solid windowtext .5pt; mso-border-left-alt: solid windowtext .5pt; mso-border-alt: solid windowtext .5pt; padding: 0cm 5.4pt 0cm 5.4pt;\" valign=\"top\" width=\"113\"><p class=\"MsoNormal\" style=\"margin-bottom: .0001pt; line-height: normal;\">2<\/p><\/td><\/tr><tr><td style=\"width: 77.75pt; border: solid windowtext 1.0pt; border-top: none; mso-border-top-alt: solid windowtext .5pt; mso-border-alt: solid windowtext .5pt; padding: 0cm 5.4pt 0cm 5.4pt;\" valign=\"top\" width=\"104\"><p class=\"MsoNormal\" style=\"margin-bottom: .0001pt; line-height: normal;\">1060-1080nm<\/p><\/td><td style=\"width: 106.3pt; border-top: none; border-left: none; border-bottom: solid windowtext 1.0pt; border-right: solid windowtext 1.0pt; mso-border-top-alt: solid windowtext .5pt; mso-border-left-alt: solid windowtext .5pt; mso-border-alt: solid windowtext .5pt; padding: 0cm 5.4pt 0cm 5.4pt;\" valign=\"top\" width=\"142\"><p class=\"MsoNormal\" style=\"margin-bottom: .0001pt; line-height: normal;\">50<\/p><\/td><td style=\"width: 3.0cm; border-top: none; border-left: none; border-bottom: solid windowtext 1.0pt; border-right: solid windowtext 1.0pt; mso-border-top-alt: solid windowtext .5pt; mso-border-left-alt: solid windowtext .5pt; mso-border-alt: solid windowtext .5pt; padding: 0cm 5.4pt 0cm 5.4pt;\" valign=\"top\" width=\"113\"><p class=\"MsoNormal\" style=\"margin-bottom: .0001pt; line-height: normal;\">2<\/p><\/td><\/tr><tr><td style=\"width: 77.75pt; border: solid windowtext 1.0pt; border-top: none; mso-border-top-alt: solid windowtext .5pt; mso-border-alt: solid windowtext .5pt; padding: 0cm 5.4pt 0cm 5.4pt;\" valign=\"top\" width=\"104\"><p class=\"MsoNormal\" style=\"margin-bottom: .0001pt; line-height: normal;\">1060-1080nm<\/p><\/td><td style=\"width: 106.3pt; border-top: none; border-left: none; border-bottom: solid windowtext 1.0pt; border-right: solid windowtext 1.0pt; mso-border-top-alt: solid windowtext .5pt; mso-border-left-alt: solid windowtext .5pt; mso-border-alt: solid windowtext .5pt; padding: 0cm 5.4pt 0cm 5.4pt;\" valign=\"top\" width=\"142\"><p class=\"MsoNormal\" style=\"margin-bottom: .0001pt; line-height: normal;\">55<\/p><\/td><td style=\"width: 3.0cm; border-top: none; border-left: none; border-bottom: solid windowtext 1.0pt; border-right: solid windowtext 1.0pt; mso-border-top-alt: solid windowtext .5pt; mso-border-left-alt: solid windowtext .5pt; mso-border-alt: solid windowtext .5pt; padding: 0cm 5.4pt 0cm 5.4pt;\" valign=\"top\" width=\"113\"><p class=\"MsoNormal\" style=\"margin-bottom: .0001pt; line-height: normal;\">1,5<\/p><\/td><\/tr><tr><td style=\"width: 77.75pt; border: solid windowtext 1.0pt; border-top: none; mso-border-top-alt: solid windowtext .5pt; mso-border-alt: solid windowtext .5pt; padding: 0cm 5.4pt 0cm 5.4pt;\" valign=\"top\" width=\"104\"><p class=\"MsoNormal\" style=\"margin-bottom: .0001pt; line-height: normal;\">1060-1080nm<\/p><\/td><td style=\"width: 106.3pt; border-top: none; border-left: none; border-bottom: solid windowtext 1.0pt; border-right: solid windowtext 1.0pt; mso-border-top-alt: solid windowtext .5pt; mso-border-left-alt: solid windowtext .5pt; mso-border-alt: solid windowtext .5pt; padding: 0cm 5.4pt 0cm 5.4pt;\" valign=\"top\" width=\"142\"><p class=\"MsoNormal\" style=\"margin-bottom: .0001pt; line-height: normal;\">96<\/p><\/td><td style=\"width: 3.0cm; border-top: none; border-left: none; border-bottom: solid windowtext 1.0pt; border-right: solid windowtext 1.0pt; mso-border-top-alt: solid windowtext .5pt; mso-border-left-alt: solid windowtext .5pt; mso-border-alt: solid windowtext .5pt; padding: 0cm 5.4pt 0cm 5.4pt;\" valign=\"top\" width=\"113\"><p class=\"MsoNormal\" style=\"margin-bottom: .0001pt; line-height: normal;\">3<\/p><\/td><\/tr><tr><td style=\"width: 77.75pt; border: solid windowtext 1.0pt; border-top: none; mso-border-top-alt: solid windowtext .5pt; mso-border-alt: solid windowtext .5pt; padding: 0cm 5.4pt 0cm 5.4pt;\" valign=\"top\" width=\"104\"><p class=\"MsoNormal\" style=\"margin-bottom: .0001pt; line-height: normal;\">1060-1080nm<\/p><\/td><td style=\"width: 106.3pt; border-top: none; border-left: none; border-bottom: solid windowtext 1.0pt; border-right: solid windowtext 1.0pt; mso-border-top-alt: solid windowtext .5pt; mso-border-left-alt: solid windowtext .5pt; mso-border-alt: solid windowtext .5pt; padding: 0cm 5.4pt 0cm 5.4pt;\" valign=\"top\" width=\"142\"><p class=\"MsoNormal\" style=\"margin-bottom: .0001pt; line-height: normal;\">120<\/p><\/td><td style=\"width: 3.0cm; border-top: none; border-left: none; border-bottom: solid windowtext 1.0pt; border-right: solid windowtext 1.0pt; mso-border-top-alt: solid windowtext .5pt; mso-border-left-alt: solid windowtext .5pt; mso-border-alt: solid windowtext .5pt; padding: 0cm 5.4pt 0cm 5.4pt;\" valign=\"top\" width=\"113\"><p class=\"MsoNormal\" style=\"margin-bottom: .0001pt; line-height: normal;\">5<\/p><\/td><\/tr><tr><td style=\"width: 77.75pt; border: solid windowtext 1.0pt; border-top: none; mso-border-top-alt: solid windowtext .5pt; mso-border-alt: solid windowtext .5pt; padding: 0cm 5.4pt 0cm 5.4pt;\" valign=\"top\" width=\"104\"><p class=\"MsoNormal\" style=\"margin-bottom: .0001pt; line-height: normal;\">1060-1080nm<\/p><\/td><td style=\"width: 106.3pt; border-top: none; border-left: none; border-bottom: solid windowtext 1.0pt; border-right: solid windowtext 1.0pt; mso-border-top-alt: solid windowtext .5pt; mso-border-left-alt: solid windowtext .5pt; mso-border-alt: solid windowtext .5pt; padding: 0cm 5.4pt 0cm 5.4pt;\" valign=\"top\" width=\"142\"><p class=\"MsoNormal\" style=\"margin-bottom: .0001pt; line-height: normal;\">134<\/p><\/td><td style=\"width: 3.0cm; border-top: none; border-left: none; border-bottom: solid windowtext 1.0pt; border-right: solid windowtext 1.0pt; mso-border-top-alt: solid windowtext .5pt; mso-border-left-alt: solid windowtext .5pt; mso-border-alt: solid windowtext .5pt; padding: 0cm 5.4pt 0cm 5.4pt;\" valign=\"top\" width=\"113\"><p class=\"MsoNormal\" style=\"margin-bottom: .0001pt; line-height: normal;\">3<\/p><\/td><\/tr><\/tbody><\/table><p class=\"MsoNormal\">Jeste\u015bmy \u00a0w stanie dostarczy\u0107 szk\u0142o w ka\u017cdym rozmiarze i ramach wsp\u00f3\u0142pracy d\u0142ugoterminowej poszerzy\u0107 sw\u00f3j magazyn, zapewniaj\u0105c szybki dost\u0119p.<\/p><p><span style=\"font-weight: bold;\">Dysze, ceramika<\/span><br \/>\u00a0-Dostarczamy cz\u0119\u015bci kompatybilne ze wszystkimi g\u0142owicami obecnymi na rynku.<br \/>&#8211; Oferujemy mo\u017cliwo\u015b\u0107 wykonania na specjalne\u00a0zam\u00f3wienie.<\/p>\t\t\t\t\t<\/div>\n\t\t\t\t\t\t<\/div>\n\t\t\t\t<\/div>\n\t\t\t\t\t\t<\/div>\n\t\t\t\t\t<\/div>\n\t\t<\/div>\n\t\t\t\t<div class=\"elementor-column elementor-col-50 elementor-inner-column elementor-element elementor-element-ab8e499\" data-id=\"ab8e499\" data-element_type=\"column\">\n\t\t\t<div class=\"elementor-column-wrap elementor-element-populated\">\n\t\t\t\t\t\t\t<div class=\"elementor-widget-wrap\">\n\t\t\t\t\t\t<div class=\"elementor-element elementor-element-c70adb1 elementor-widget__width-auto elementor-invisible elementor-widget elementor-widget-image\" data-id=\"c70adb1\" data-element_type=\"widget\" data-settings=\"{&quot;_animation&quot;:&quot;zoomIn&quot;}\" data-widget_type=\"image.default\">\n\t\t\t\t<div class=\"elementor-widget-container\">\n\t\t\t\t\t\t\t\t<div class=\"elementor-image\">\n\t\t\t\t\t\t\t\t\t\t\t\t<img width=\"606\" height=\"417\" src=\"https:\/\/optykalaserowa.pl\/wp-content\/uploads\/2020\/06\/szkla-ochronne.png\" class=\"attachment-large size-large\" alt=\"\" loading=\"lazy\" srcset=\"https:\/\/optykalaserowa.pl\/wp-content\/uploads\/2020\/06\/szkla-ochronne.png 606w, https:\/\/optykalaserowa.pl\/wp-content\/uploads\/2020\/06\/szkla-ochronne-300x206.png 300w\" sizes=\"(max-width: 606px) 100vw, 606px\" \/>\t\t\t\t\t\t\t\t\t\t\t\t\t\t<\/div>\n\t\t\t\t\t\t<\/div>\n\t\t\t\t<\/div>\n\t\t\t\t<div class=\"elementor-element elementor-element-0a6ee6e elementor-widget elementor-widget-image\" data-id=\"0a6ee6e\" data-element_type=\"widget\" data-widget_type=\"image.default\">\n\t\t\t\t<div class=\"elementor-widget-container\">\n\t\t\t\t\t\t\t\t<div class=\"elementor-image\">\n\t\t\t\t\t\t\t\t\t\t\t\t<img width=\"667\" height=\"469\" src=\"https:\/\/optykalaserowa.pl\/wp-content\/uploads\/2020\/04\/dysze.png\" class=\"attachment-large size-large\" alt=\"\" loading=\"lazy\" srcset=\"https:\/\/optykalaserowa.pl\/wp-content\/uploads\/2020\/04\/dysze.png 667w, https:\/\/optykalaserowa.pl\/wp-content\/uploads\/2020\/04\/dysze-300x211.png 300w\" sizes=\"(max-width: 667px) 100vw, 667px\" \/>\t\t\t\t\t\t\t\t\t\t\t\t\t\t<\/div>\n\t\t\t\t\t\t<\/div>\n\t\t\t\t<\/div>\n\t\t\t\t<div class=\"elementor-element elementor-element-752ea29 elementor-widget elementor-widget-image\" data-id=\"752ea29\" data-element_type=\"widget\" data-widget_type=\"image.default\">\n\t\t\t\t<div class=\"elementor-widget-container\">\n\t\t\t\t\t\t\t\t<div class=\"elementor-image\">\n\t\t\t\t\t\t\t\t\t\t\t\t<img width=\"637\" height=\"563\" src=\"https:\/\/optykalaserowa.pl\/wp-content\/uploads\/2020\/04\/ceramika.png\" class=\"attachment-large size-large\" alt=\"\" loading=\"lazy\" srcset=\"https:\/\/optykalaserowa.pl\/wp-content\/uploads\/2020\/04\/ceramika.png 637w, https:\/\/optykalaserowa.pl\/wp-content\/uploads\/2020\/04\/ceramika-300x265.png 300w\" sizes=\"(max-width: 637px) 100vw, 637px\" \/>\t\t\t\t\t\t\t\t\t\t\t\t\t\t<\/div>\n\t\t\t\t\t\t<\/div>\n\t\t\t\t<\/div>\n\t\t\t\t\t\t<\/div>\n\t\t\t\t\t<\/div>\n\t\t<\/div>\n\t\t\t\t\t\t\t\t<\/div>\n\t\t\t\t\t<\/div>\n\t\t<\/section>\n\t\t\t\t\t\t<\/div>\n\t\t\t\t\t<\/div>\n\t\t<\/div>\n\t\t\t\t\t\t\t\t<\/div>\n\t\t\t\t\t<\/div>\n\t\t<\/section>\n\t\t\t\t<section class=\"elementor-section elementor-top-section elementor-element elementor-element-11c00d8 elementor-section-boxed elementor-section-height-default elementor-section-height-default\" data-id=\"11c00d8\" data-element_type=\"section\">\n\t\t\t\t\t\t<div class=\"elementor-container elementor-column-gap-default\">\n\t\t\t\t\t\t\t<div class=\"elementor-row\">\n\t\t\t\t\t<div class=\"elementor-column elementor-col-100 elementor-top-column elementor-element elementor-element-cf82fbd\" data-id=\"cf82fbd\" data-element_type=\"column\">\n\t\t\t<div class=\"elementor-column-wrap elementor-element-populated\">\n\t\t\t\t\t\t\t<div class=\"elementor-widget-wrap\">\n\t\t\t\t\t\t<div class=\"elementor-element elementor-element-7e66134 elementor-widget elementor-widget-text-editor\" data-id=\"7e66134\" data-element_type=\"widget\" data-widget_type=\"text-editor.default\">\n\t\t\t\t<div class=\"elementor-widget-container\">\n\t\t\t\t\t\t\t\t<div class=\"elementor-text-editor elementor-clearfix\">\n\t\t\t\t\t\t\t\t\t<\/div>\n\t\t\t\t\t\t<\/div>\n\t\t\t\t<\/div>\n\t\t\t\t\t\t<\/div>\n\t\t\t\t\t<\/div>\n\t\t<\/div>\n\t\t\t\t\t\t\t\t<\/div>\n\t\t\t\t\t<\/div>\n\t\t<\/section>\n\t\t\t\t\t\t<\/div>\n\t\t\t\t\t\t<\/div>\n\t\t\t\t\t<\/div>\n\t\t","protected":false},"excerpt":{"rendered":"<p>Szk\u0142a ochronne Dostarczamy szk\u0142a ochronne do wszystkich typ\u00f3w system\u00f3w laserowych opartych na laserach \u015bwiat\u0142owodowych, dyskowych i diodowych. Oferowane produkty wykonane s\u0105 z wysokiej czysto\u015bci kwarcu.&hellip;<\/p>\n","protected":false},"author":1,"featured_media":0,"parent":0,"menu_order":0,"comment_status":"closed","ping_status":"closed","template":"","meta":[],"_links":{"self":[{"href":"https:\/\/optykalaserowa.pl\/index.php\/wp-json\/wp\/v2\/pages\/532"}],"collection":[{"href":"https:\/\/optykalaserowa.pl\/index.php\/wp-json\/wp\/v2\/pages"}],"about":[{"href":"https:\/\/optykalaserowa.pl\/index.php\/wp-json\/wp\/v2\/types\/page"}],"author":[{"embeddable":true,"href":"https:\/\/optykalaserowa.pl\/index.php\/wp-json\/wp\/v2\/users\/1"}],"replies":[{"embeddable":true,"href":"https:\/\/optykalaserowa.pl\/index.php\/wp-json\/wp\/v2\/comments?post=532"}],"version-history":[{"count":1,"href":"https:\/\/optykalaserowa.pl\/index.php\/wp-json\/wp\/v2\/pages\/532\/revisions"}],"predecessor-version":[{"id":677,"href":"https:\/\/optykalaserowa.pl\/index.php\/wp-json\/wp\/v2\/pages\/532\/revisions\/677"}],"wp:attachment":[{"href":"https:\/\/optykalaserowa.pl\/index.php\/wp-json\/wp\/v2\/media?parent=532"}],"curies":[{"name":"wp","href":"https:\/\/api.w.org\/{rel}","templated":true}]}}